{"id":977,"date":"2023-02-08T20:34:33","date_gmt":"2023-02-09T02:34:33","guid":{"rendered":"https:\/\/gpohuerta.com\/?page_id=977"},"modified":"2023-02-08T20:58:31","modified_gmt":"2023-02-09T02:58:31","slug":"cereales","status":"publish","type":"page","link":"https:\/\/gpohuerta.com\/index.php\/cereales\/","title":{"rendered":"Cereales"},"content":{"rendered":"\t\t<div data-elementor-type=\"wp-page\" data-elementor-id=\"977\" class=\"elementor elementor-977\" data-elementor-settings=\"[]\">\n\t\t\t\t\t\t\t<div class=\"elementor-section-wrap\">\n\t\t\t\t\t\t\t<section class=\"elementor-section elementor-top-section elementor-element elementor-element-ba8a513 elementor-section-boxed elementor-section-height-default elementor-section-height-default\" data-id=\"ba8a513\" data-element_type=\"section\">\n\t\t\t\t\t\t<div class=\"elementor-container elementor-column-gap-default\">\n\t\t\t\t\t<div class=\"elementor-column elementor-col-100 elementor-top-column elementor-element elementor-element-1f6c44b\" data-id=\"1f6c44b\" data-element_type=\"column\">\n\t\t\t<div class=\"elementor-widget-wrap elementor-element-populated\">\n\t\t\t\t\t\t\t\t<div class=\"elementor-element elementor-element-cec9b17 elementor-widget elementor-widget-spacer\" data-id=\"cec9b17\" data-element_type=\"widget\" data-widget_type=\"spacer.default\">\n\t\t\t\t<div class=\"elementor-widget-container\">\n\t\t\t\t\t<div class=\"elementor-spacer\">\n\t\t\t<div class=\"elementor-spacer-inner\"><\/div>\n\t\t<\/div>\n\t\t\t\t<\/div>\n\t\t\t\t<\/div>\n\t\t\t\t<div class=\"elementor-element elementor-element-78863fb elementor-widget elementor-widget-image\" data-id=\"78863fb\" data-element_type=\"widget\" data-widget_type=\"image.default\">\n\t\t\t\t<div class=\"elementor-widget-container\">\n\t\t\t\t\t\t\t\t\t\t\t\t\t\t\t<img loading=\"lazy\" decoding=\"async\" width=\"768\" height=\"576\" src=\"https:\/\/gpohuerta.com\/wp-content\/uploads\/2021\/07\/logo-huerta-d-1-768x576.png\" class=\"attachment-medium_large size-medium_large\" alt=\"\" srcset=\"https:\/\/gpohuerta.com\/wp-content\/uploads\/2021\/07\/logo-huerta-d-1-768x576.png 768w, https:\/\/gpohuerta.com\/wp-content\/uploads\/2021\/07\/logo-huerta-d-1-300x225.png 300w, https:\/\/gpohuerta.com\/wp-content\/uploads\/2021\/07\/logo-huerta-d-1.png 800w\" sizes=\"auto, (max-width: 768px) 100vw, 768px\" \/>\t\t\t\t\t\t\t\t\t\t\t\t\t\t\t<\/div>\n\t\t\t\t<\/div>\n\t\t\t\t<div class=\"elementor-element elementor-element-9e5ad7d elementor-widget elementor-widget-heading\" data-id=\"9e5ad7d\" data-element_type=\"widget\" data-widget_type=\"heading.default\">\n\t\t\t\t<div class=\"elementor-widget-container\">\n\t\t\t<h2 class=\"elementor-heading-title elementor-size-default\">Chiles Secos<\/h2>\t\t<\/div>\n\t\t\t\t<\/div>\n\t\t\t\t\t<\/div>\n\t\t<\/div>\n\t\t\t\t\t\t\t<\/div>\n\t\t<\/section>\n\t\t\t\t<section class=\"elementor-section elementor-top-section elementor-element elementor-element-6f10318 elementor-section-boxed elementor-section-height-default elementor-section-height-default\" data-id=\"6f10318\" data-element_type=\"section\">\n\t\t\t\t\t\t<div class=\"elementor-container elementor-column-gap-default\">\n\t\t\t\t\t<div class=\"elementor-column elementor-col-100 elementor-top-column elementor-element elementor-element-8cdb82d\" data-id=\"8cdb82d\" data-element_type=\"column\">\n\t\t\t<div class=\"elementor-widget-wrap elementor-element-populated\">\n\t\t\t\t\t\t\t\t<div class=\"elementor-element elementor-element-76eff12 gallery-spacing-custom elementor-widget elementor-widget-image-gallery\" data-id=\"76eff12\" data-element_type=\"widget\" data-widget_type=\"image-gallery.default\">\n\t\t\t\t<div class=\"elementor-widget-container\">\n\t\t\t\t\t<div class=\"elementor-image-gallery\">\n\t\t\t<div id='gallery-1' class='gallery galleryid-977 gallery-columns-4 gallery-size-medium_large'><figure class='gallery-item'>\n\t\t\t<div class='gallery-icon portrait'>\n\t\t\t\t<a data-elementor-open-lightbox=\"no\" href='https:\/\/gpohuerta.com\/wp-content\/uploads\/2023\/02\/Ajonjoli.png'><img loading=\"lazy\" decoding=\"async\" width=\"483\" height=\"521\" src=\"https:\/\/gpohuerta.com\/wp-content\/uploads\/2023\/02\/Ajonjoli.png\" class=\"attachment-medium_large size-medium_large\" alt=\"\" aria-describedby=\"gallery-1-1044\" srcset=\"https:\/\/gpohuerta.com\/wp-content\/uploads\/2023\/02\/Ajonjoli.png 483w, https:\/\/gpohuerta.com\/wp-content\/uploads\/2023\/02\/Ajonjoli-278x300.png 278w\" sizes=\"auto, (max-width: 483px) 100vw, 483px\" \/><\/a>\n\t\t\t<\/div>\n\t\t\t\t<figcaption class='wp-caption-text gallery-caption' id='gallery-1-1044'>\n\t\t\t\tAjonjol\u00ed\n\t\t\t\t<\/figcaption><\/figure><figure class='gallery-item'>\n\t\t\t<div class='gallery-icon portrait'>\n\t\t\t\t<a data-elementor-open-lightbox=\"no no\" href='https:\/\/gpohuerta.com\/wp-content\/uploads\/2023\/02\/ajonjoli-con-miel.png'><img loading=\"lazy\" decoding=\"async\" width=\"483\" height=\"521\" src=\"https:\/\/gpohuerta.com\/wp-content\/uploads\/2023\/02\/ajonjoli-con-miel.png\" class=\"attachment-medium_large size-medium_large\" alt=\"\" aria-describedby=\"gallery-1-1043\" srcset=\"https:\/\/gpohuerta.com\/wp-content\/uploads\/2023\/02\/ajonjoli-con-miel.png 483w, https:\/\/gpohuerta.com\/wp-content\/uploads\/2023\/02\/ajonjoli-con-miel-278x300.png 278w\" sizes=\"auto, (max-width: 483px) 100vw, 483px\" \/><\/a>\n\t\t\t<\/div>\n\t\t\t\t<figcaption class='wp-caption-text gallery-caption' id='gallery-1-1043'>\n\t\t\t\tAjonjol\u00ed con Miel\n\t\t\t\t<\/figcaption><\/figure><figure class='gallery-item'>\n\t\t\t<div class='gallery-icon portrait'>\n\t\t\t\t<a data-elementor-open-lightbox=\"no no no\" href='https:\/\/gpohuerta.com\/wp-content\/uploads\/2023\/02\/Ajnjoli-negro.png'><img loading=\"lazy\" decoding=\"async\" width=\"483\" height=\"521\" src=\"https:\/\/gpohuerta.com\/wp-content\/uploads\/2023\/02\/Ajnjoli-negro.png\" class=\"attachment-medium_large size-medium_large\" alt=\"\" aria-describedby=\"gallery-1-1042\" srcset=\"https:\/\/gpohuerta.com\/wp-content\/uploads\/2023\/02\/Ajnjoli-negro.png 483w, https:\/\/gpohuerta.com\/wp-content\/uploads\/2023\/02\/Ajnjoli-negro-278x300.png 278w\" sizes=\"auto, (max-width: 483px) 100vw, 483px\" \/><\/a>\n\t\t\t<\/div>\n\t\t\t\t<figcaption class='wp-caption-text gallery-caption' id='gallery-1-1042'>\n\t\t\t\tAjonjol\u00ed Negro\n\t\t\t\t<\/figcaption><\/figure><figure class='gallery-item'>\n\t\t\t<div class='gallery-icon portrait'>\n\t\t\t\t<a data-elementor-open-lightbox=\"no no no no\" href='https:\/\/gpohuerta.com\/wp-content\/uploads\/2023\/02\/amaranto.png'><img loading=\"lazy\" decoding=\"async\" width=\"483\" height=\"521\" src=\"https:\/\/gpohuerta.com\/wp-content\/uploads\/2023\/02\/amaranto.png\" class=\"attachment-medium_large size-medium_large\" alt=\"\" aria-describedby=\"gallery-1-1046\" srcset=\"https:\/\/gpohuerta.com\/wp-content\/uploads\/2023\/02\/amaranto.png 483w, https:\/\/gpohuerta.com\/wp-content\/uploads\/2023\/02\/amaranto-278x300.png 278w\" sizes=\"auto, (max-width: 483px) 100vw, 483px\" \/><\/a>\n\t\t\t<\/div>\n\t\t\t\t<figcaption class='wp-caption-text gallery-caption' id='gallery-1-1046'>\n\t\t\t\tAmaranto\n\t\t\t\t<\/figcaption><\/figure><figure class='gallery-item'>\n\t\t\t<div class='gallery-icon portrait'>\n\t\t\t\t<a data-elementor-open-lightbox=\"no no no no no\" href='https:\/\/gpohuerta.com\/wp-content\/uploads\/2023\/02\/Amaranto-con-miel.png'><img loading=\"lazy\" decoding=\"async\" width=\"483\" height=\"521\" src=\"https:\/\/gpohuerta.com\/wp-content\/uploads\/2023\/02\/Amaranto-con-miel.png\" class=\"attachment-medium_large size-medium_large\" alt=\"\" aria-describedby=\"gallery-1-1045\" srcset=\"https:\/\/gpohuerta.com\/wp-content\/uploads\/2023\/02\/Amaranto-con-miel.png 483w, https:\/\/gpohuerta.com\/wp-content\/uploads\/2023\/02\/Amaranto-con-miel-278x300.png 278w\" sizes=\"auto, (max-width: 483px) 100vw, 483px\" \/><\/a>\n\t\t\t<\/div>\n\t\t\t\t<figcaption class='wp-caption-text gallery-caption' id='gallery-1-1045'>\n\t\t\t\tAmaranto con Miel\n\t\t\t\t<\/figcaption><\/figure><figure class='gallery-item'>\n\t\t\t<div class='gallery-icon portrait'>\n\t\t\t\t<a data-elementor-open-lightbox=\"no no no no no no\" href='https:\/\/gpohuerta.com\/wp-content\/uploads\/2023\/02\/avena.jpg'><img loading=\"lazy\" decoding=\"async\" width=\"483\" height=\"521\" src=\"https:\/\/gpohuerta.com\/wp-content\/uploads\/2023\/02\/avena.jpg\" class=\"attachment-medium_large size-medium_large\" alt=\"\" aria-describedby=\"gallery-1-1047\" srcset=\"https:\/\/gpohuerta.com\/wp-content\/uploads\/2023\/02\/avena.jpg 483w, https:\/\/gpohuerta.com\/wp-content\/uploads\/2023\/02\/avena-278x300.jpg 278w\" sizes=\"auto, (max-width: 483px) 100vw, 483px\" \/><\/a>\n\t\t\t<\/div>\n\t\t\t\t<figcaption class='wp-caption-text gallery-caption' id='gallery-1-1047'>\n\t\t\t\tAvena\n\t\t\t\t<\/figcaption><\/figure><figure class='gallery-item'>\n\t\t\t<div class='gallery-icon portrait'>\n\t\t\t\t<a data-elementor-open-lightbox=\"no no no no no no no\" href='https:\/\/gpohuerta.com\/wp-content\/uploads\/2023\/02\/chia.png'><img loading=\"lazy\" decoding=\"async\" width=\"483\" height=\"521\" src=\"https:\/\/gpohuerta.com\/wp-content\/uploads\/2023\/02\/chia.png\" class=\"attachment-medium_large size-medium_large\" alt=\"\" aria-describedby=\"gallery-1-1051\" srcset=\"https:\/\/gpohuerta.com\/wp-content\/uploads\/2023\/02\/chia.png 483w, https:\/\/gpohuerta.com\/wp-content\/uploads\/2023\/02\/chia-278x300.png 278w\" sizes=\"auto, (max-width: 483px) 100vw, 483px\" \/><\/a>\n\t\t\t<\/div>\n\t\t\t\t<figcaption class='wp-caption-text gallery-caption' id='gallery-1-1051'>\n\t\t\t\tCh\u00eda\n\t\t\t\t<\/figcaption><\/figure><figure class='gallery-item'>\n\t\t\t<div class='gallery-icon portrait'>\n\t\t\t\t<a data-elementor-open-lightbox=\"no no no no no no no no\" href='https:\/\/gpohuerta.com\/wp-content\/uploads\/2023\/02\/granola.png'><img loading=\"lazy\" decoding=\"async\" width=\"483\" height=\"521\" src=\"https:\/\/gpohuerta.com\/wp-content\/uploads\/2023\/02\/granola.png\" class=\"attachment-medium_large size-medium_large\" alt=\"\" aria-describedby=\"gallery-1-1052\" srcset=\"https:\/\/gpohuerta.com\/wp-content\/uploads\/2023\/02\/granola.png 483w, https:\/\/gpohuerta.com\/wp-content\/uploads\/2023\/02\/granola-278x300.png 278w\" sizes=\"auto, (max-width: 483px) 100vw, 483px\" \/><\/a>\n\t\t\t<\/div>\n\t\t\t\t<figcaption class='wp-caption-text gallery-caption' id='gallery-1-1052'>\n\t\t\t\tGranola\n\t\t\t\t<\/figcaption><\/figure><figure class='gallery-item'>\n\t\t\t<div class='gallery-icon portrait'>\n\t\t\t\t<a data-elementor-open-lightbox=\"no no no no no no no no no\" href='https:\/\/gpohuerta.com\/wp-content\/uploads\/2023\/02\/Grenetina-nacional.png'><img loading=\"lazy\" decoding=\"async\" width=\"483\" height=\"521\" src=\"https:\/\/gpohuerta.com\/wp-content\/uploads\/2023\/02\/Grenetina-nacional.png\" class=\"attachment-medium_large size-medium_large\" alt=\"\" aria-describedby=\"gallery-1-1054\" srcset=\"https:\/\/gpohuerta.com\/wp-content\/uploads\/2023\/02\/Grenetina-nacional.png 483w, https:\/\/gpohuerta.com\/wp-content\/uploads\/2023\/02\/Grenetina-nacional-278x300.png 278w\" sizes=\"auto, (max-width: 483px) 100vw, 483px\" \/><\/a>\n\t\t\t<\/div>\n\t\t\t\t<figcaption class='wp-caption-text gallery-caption' id='gallery-1-1054'>\n\t\t\t\tGrenetina Nacional\n\t\t\t\t<\/figcaption><\/figure><figure class='gallery-item'>\n\t\t\t<div class='gallery-icon portrait'>\n\t\t\t\t<a data-elementor-open-lightbox=\"no no no no no no no no no no\" href='https:\/\/gpohuerta.com\/wp-content\/uploads\/2023\/02\/harina-de-trigo.png'><img loading=\"lazy\" decoding=\"async\" width=\"483\" height=\"521\" src=\"https:\/\/gpohuerta.com\/wp-content\/uploads\/2023\/02\/harina-de-trigo.png\" class=\"attachment-medium_large size-medium_large\" alt=\"\" aria-describedby=\"gallery-1-1055\" srcset=\"https:\/\/gpohuerta.com\/wp-content\/uploads\/2023\/02\/harina-de-trigo.png 483w, https:\/\/gpohuerta.com\/wp-content\/uploads\/2023\/02\/harina-de-trigo-278x300.png 278w\" sizes=\"auto, (max-width: 483px) 100vw, 483px\" \/><\/a>\n\t\t\t<\/div>\n\t\t\t\t<figcaption class='wp-caption-text gallery-caption' id='gallery-1-1055'>\n\t\t\t\tHarina de Trigo\n\t\t\t\t<\/figcaption><\/figure><figure class='gallery-item'>\n\t\t\t<div class='gallery-icon portrait'>\n\t\t\t\t<a data-elementor-open-lightbox=\"no no no no no no no no no no no\" href='https:\/\/gpohuerta.com\/wp-content\/uploads\/2023\/02\/Jamaica-bulto.png'><img loading=\"lazy\" decoding=\"async\" width=\"483\" height=\"521\" src=\"https:\/\/gpohuerta.com\/wp-content\/uploads\/2023\/02\/Jamaica-bulto.png\" class=\"attachment-medium_large size-medium_large\" alt=\"\" aria-describedby=\"gallery-1-1056\" srcset=\"https:\/\/gpohuerta.com\/wp-content\/uploads\/2023\/02\/Jamaica-bulto.png 483w, https:\/\/gpohuerta.com\/wp-content\/uploads\/2023\/02\/Jamaica-bulto-278x300.png 278w\" sizes=\"auto, (max-width: 483px) 100vw, 483px\" \/><\/a>\n\t\t\t<\/div>\n\t\t\t\t<figcaption class='wp-caption-text gallery-caption' id='gallery-1-1056'>\n\t\t\t\tJamaica\n\t\t\t\t<\/figcaption><\/figure><figure class='gallery-item'>\n\t\t\t<div class='gallery-icon portrait'>\n\t\t\t\t<a data-elementor-open-lightbox=\"no no no no no no no no no no no no\" href='https:\/\/gpohuerta.com\/wp-content\/uploads\/2023\/02\/Linaza-entera.png'><img loading=\"lazy\" decoding=\"async\" width=\"483\" height=\"521\" src=\"https:\/\/gpohuerta.com\/wp-content\/uploads\/2023\/02\/Linaza-entera.png\" class=\"attachment-medium_large size-medium_large\" alt=\"\" aria-describedby=\"gallery-1-1057\" srcset=\"https:\/\/gpohuerta.com\/wp-content\/uploads\/2023\/02\/Linaza-entera.png 483w, https:\/\/gpohuerta.com\/wp-content\/uploads\/2023\/02\/Linaza-entera-278x300.png 278w\" sizes=\"auto, (max-width: 483px) 100vw, 483px\" \/><\/a>\n\t\t\t<\/div>\n\t\t\t\t<figcaption class='wp-caption-text gallery-caption' id='gallery-1-1057'>\n\t\t\t\tLinaza Entera\n\t\t\t\t<\/figcaption><\/figure><figure class='gallery-item'>\n\t\t\t<div class='gallery-icon portrait'>\n\t\t\t\t<a data-elementor-open-lightbox=\"no no no no no no no no no no no no no\" href='https:\/\/gpohuerta.com\/wp-content\/uploads\/2023\/02\/Linaza-molida.png'><img loading=\"lazy\" decoding=\"async\" width=\"483\" height=\"521\" src=\"https:\/\/gpohuerta.com\/wp-content\/uploads\/2023\/02\/Linaza-molida.png\" class=\"attachment-medium_large size-medium_large\" alt=\"\" aria-describedby=\"gallery-1-1058\" srcset=\"https:\/\/gpohuerta.com\/wp-content\/uploads\/2023\/02\/Linaza-molida.png 483w, https:\/\/gpohuerta.com\/wp-content\/uploads\/2023\/02\/Linaza-molida-278x300.png 278w\" sizes=\"auto, (max-width: 483px) 100vw, 483px\" \/><\/a>\n\t\t\t<\/div>\n\t\t\t\t<figcaption class='wp-caption-text gallery-caption' id='gallery-1-1058'>\n\t\t\t\tLinaza Molida\n\t\t\t\t<\/figcaption><\/figure><figure class='gallery-item'>\n\t\t\t<div class='gallery-icon portrait'>\n\t\t\t\t<a data-elementor-open-lightbox=\"no no no no no no no no no no no no no no\" href='https:\/\/gpohuerta.com\/wp-content\/uploads\/2023\/02\/Soya-texturizada.png'><img loading=\"lazy\" decoding=\"async\" width=\"483\" height=\"521\" src=\"https:\/\/gpohuerta.com\/wp-content\/uploads\/2023\/02\/Soya-texturizada.png\" class=\"attachment-medium_large size-medium_large\" alt=\"\" aria-describedby=\"gallery-1-1062\" srcset=\"https:\/\/gpohuerta.com\/wp-content\/uploads\/2023\/02\/Soya-texturizada.png 483w, https:\/\/gpohuerta.com\/wp-content\/uploads\/2023\/02\/Soya-texturizada-278x300.png 278w\" sizes=\"auto, (max-width: 483px) 100vw, 483px\" \/><\/a>\n\t\t\t<\/div>\n\t\t\t\t<figcaption class='wp-caption-text gallery-caption' id='gallery-1-1062'>\n\t\t\t\tSoya Texturizada\n\t\t\t\t<\/figcaption><\/figure><figure class='gallery-item'>\n\t\t\t<div class='gallery-icon portrait'>\n\t\t\t\t<a data-elementor-open-lightbox=\"no no no no no no no no no no no no no no no\" href='https:\/\/gpohuerta.com\/wp-content\/uploads\/2023\/02\/Pan-Molido.png'><img loading=\"lazy\" decoding=\"async\" width=\"483\" height=\"521\" src=\"https:\/\/gpohuerta.com\/wp-content\/uploads\/2023\/02\/Pan-Molido.png\" class=\"attachment-medium_large size-medium_large\" alt=\"\" aria-describedby=\"gallery-1-1061\" srcset=\"https:\/\/gpohuerta.com\/wp-content\/uploads\/2023\/02\/Pan-Molido.png 483w, https:\/\/gpohuerta.com\/wp-content\/uploads\/2023\/02\/Pan-Molido-278x300.png 278w\" sizes=\"auto, (max-width: 483px) 100vw, 483px\" \/><\/a>\n\t\t\t<\/div>\n\t\t\t\t<figcaption class='wp-caption-text gallery-caption' id='gallery-1-1061'>\n\t\t\t\tPan Molido\n\t\t\t\t<\/figcaption><\/figure><figure class='gallery-item'>\n\t\t\t<div class='gallery-icon portrait'>\n\t\t\t\t<a data-elementor-open-lightbox=\"no no no no no no no no no no no no no no no no\" href='https:\/\/gpohuerta.com\/wp-content\/uploads\/2023\/02\/maicena.png'><img loading=\"lazy\" decoding=\"async\" width=\"483\" height=\"521\" src=\"https:\/\/gpohuerta.com\/wp-content\/uploads\/2023\/02\/maicena.png\" class=\"attachment-medium_large size-medium_large\" alt=\"\" aria-describedby=\"gallery-1-1059\" srcset=\"https:\/\/gpohuerta.com\/wp-content\/uploads\/2023\/02\/maicena.png 483w, https:\/\/gpohuerta.com\/wp-content\/uploads\/2023\/02\/maicena-278x300.png 278w\" sizes=\"auto, (max-width: 483px) 100vw, 483px\" \/><\/a>\n\t\t\t<\/div>\n\t\t\t\t<figcaption class='wp-caption-text gallery-caption' id='gallery-1-1059'>\n\t\t\t\tMaicena\n\t\t\t\t<\/figcaption><\/figure><figure class='gallery-item'>\n\t\t\t<div class='gallery-icon landscape'>\n\t\t\t\t<a data-elementor-open-lightbox=\"no no no no no no no no no no no no no no no no no\" href='https:\/\/gpohuerta.com\/wp-content\/uploads\/2023\/02\/maizena.jpeg'><img loading=\"lazy\" decoding=\"async\" width=\"700\" height=\"700\" src=\"https:\/\/gpohuerta.com\/wp-content\/uploads\/2023\/02\/maizena.jpeg\" class=\"attachment-medium_large size-medium_large\" alt=\"\" aria-describedby=\"gallery-1-1060\" srcset=\"https:\/\/gpohuerta.com\/wp-content\/uploads\/2023\/02\/maizena.jpeg 700w, https:\/\/gpohuerta.com\/wp-content\/uploads\/2023\/02\/maizena-300x300.jpeg 300w, https:\/\/gpohuerta.com\/wp-content\/uploads\/2023\/02\/maizena-150x150.jpeg 150w\" sizes=\"auto, (max-width: 700px) 100vw, 700px\" \/><\/a>\n\t\t\t<\/div>\n\t\t\t\t<figcaption class='wp-caption-text gallery-caption' id='gallery-1-1060'>\n\t\t\t\tMaizena\n\t\t\t\t<\/figcaption><\/figure><figure class='gallery-item'>\n\t\t\t<div class='gallery-icon portrait'>\n\t\t\t\t<a data-elementor-open-lightbox=\"no no no no no no no no no no no no no no no no no no\" href='https:\/\/gpohuerta.com\/wp-content\/uploads\/2023\/02\/soyamix-natural.png'><img loading=\"lazy\" decoding=\"async\" width=\"750\" height=\"1000\" src=\"https:\/\/gpohuerta.com\/wp-content\/uploads\/2023\/02\/soyamix-natural.png\" class=\"attachment-medium_large size-medium_large\" alt=\"\" aria-describedby=\"gallery-1-1063\" srcset=\"https:\/\/gpohuerta.com\/wp-content\/uploads\/2023\/02\/soyamix-natural.png 750w, https:\/\/gpohuerta.com\/wp-content\/uploads\/2023\/02\/soyamix-natural-225x300.png 225w\" sizes=\"auto, (max-width: 750px) 100vw, 750px\" \/><\/a>\n\t\t\t<\/div>\n\t\t\t\t<figcaption class='wp-caption-text gallery-caption' id='gallery-1-1063'>\n\t\t\t\tSoyamix Natural\n\t\t\t\t<\/figcaption><\/figure><figure class='gallery-item'>\n\t\t\t<div class='gallery-icon portrait'>\n\t\t\t\t<a data-elementor-open-lightbox=\"no no no no no no no no no no no no no no no no no no no\" href='https:\/\/gpohuerta.com\/wp-content\/uploads\/2023\/02\/Grenetina-Duche-.jpg'><img loading=\"lazy\" decoding=\"async\" width=\"388\" height=\"740\" src=\"https:\/\/gpohuerta.com\/wp-content\/uploads\/2023\/02\/Grenetina-Duche-.jpg\" class=\"attachment-medium_large size-medium_large\" alt=\"\" aria-describedby=\"gallery-1-1053\" srcset=\"https:\/\/gpohuerta.com\/wp-content\/uploads\/2023\/02\/Grenetina-Duche-.jpg 388w, https:\/\/gpohuerta.com\/wp-content\/uploads\/2023\/02\/Grenetina-Duche--157x300.jpg 157w\" sizes=\"auto, (max-width: 388px) 100vw, 388px\" \/><\/a>\n\t\t\t<\/div>\n\t\t\t\t<figcaption class='wp-caption-text gallery-caption' id='gallery-1-1053'>\n\t\t\t\tGrenetina Duche\n\t\t\t\t<\/figcaption><\/figure>\n\t\t<\/div>\n\t\t<\/div>\n\t\t\t\t<\/div>\n\t\t\t\t<\/div>\n\t\t\t\t\t<\/div>\n\t\t<\/div>\n\t\t\t\t\t\t\t<\/div>\n\t\t<\/section>\n\t\t\t\t<section class=\"elementor-section elementor-top-section elementor-element elementor-element-95f7d53 elementor-section-boxed elementor-section-height-default elementor-section-height-default\" data-id=\"95f7d53\" data-element_type=\"section\">\n\t\t\t\t\t\t<div class=\"elementor-container elementor-column-gap-default\">\n\t\t\t\t\t<div class=\"elementor-column elementor-col-100 elementor-top-column elementor-element elementor-element-a2f9167\" data-id=\"a2f9167\" data-element_type=\"column\">\n\t\t\t<div class=\"elementor-widget-wrap elementor-element-populated\">\n\t\t\t\t\t\t\t\t<div class=\"elementor-element elementor-element-bf62da6 elementor-widget elementor-widget-spacer\" data-id=\"bf62da6\" data-element_type=\"widget\" data-widget_type=\"spacer.default\">\n\t\t\t\t<div class=\"elementor-widget-container\">\n\t\t\t\t\t<div class=\"elementor-spacer\">\n\t\t\t<div class=\"elementor-spacer-inner\"><\/div>\n\t\t<\/div>\n\t\t\t\t<\/div>\n\t\t\t\t<\/div>\n\t\t\t\t<div class=\"elementor-element elementor-element-2c33b23 elementor-align-center elementor-widget elementor-widget-button\" data-id=\"2c33b23\" data-element_type=\"widget\" data-widget_type=\"button.default\">\n\t\t\t\t<div class=\"elementor-widget-container\">\n\t\t\t\t\t<div class=\"elementor-button-wrapper\">\n\t\t\t<a href=\"https:\/\/gpohuerta.com\/index.php\/productos\/\" class=\"elementor-button-link elementor-button elementor-size-lg\" role=\"button\">\n\t\t\t\t\t\t<span class=\"elementor-button-content-wrapper\">\n\t\t\t\t\t\t<span class=\"elementor-button-text\">Ir a Productos<\/span>\n\t\t<\/span>\n\t\t\t\t\t<\/a>\n\t\t<\/div>\n\t\t\t\t<\/div>\n\t\t\t\t<\/div>\n\t\t\t\t<div class=\"elementor-element elementor-element-8204fc6 elementor-widget elementor-widget-spacer\" data-id=\"8204fc6\" data-element_type=\"widget\" data-widget_type=\"spacer.default\">\n\t\t\t\t<div class=\"elementor-widget-container\">\n\t\t\t\t\t<div class=\"elementor-spacer\">\n\t\t\t<div class=\"elementor-spacer-inner\"><\/div>\n\t\t<\/div>\n\t\t\t\t<\/div>\n\t\t\t\t<\/div>\n\t\t\t\t\t<\/div>\n\t\t<\/div>\n\t\t\t\t\t\t\t<\/div>\n\t\t<\/section>\n\t\t\t\t\t\t<\/div>\n\t\t\t\t\t<\/div>\n\t\t","protected":false},"excerpt":{"rendered":"<p>Chiles Secos Ajonjol\u00ed Ajonjol\u00ed con Miel Ajonjol\u00ed Negro Amaranto Amaranto con Miel Avena Ch\u00eda Granola Grenetina Nacional Harina de Trigo Jamaica Linaza Entera Linaza Molida Soya Texturizada Pan Molido Maicena Maizena Soyamix Natural Grenetina Duche Ir a Productos<\/p>\n","protected":false},"author":2,"featured_media":917,"parent":0,"menu_order":0,"comment_status":"closed","ping_status":"closed","template":"","meta":{"om_disable_all_campaigns":false,"_monsterinsights_skip_tracking":false,"_monsterinsights_sitenote_active":false,"_monsterinsights_sitenote_note":"","_monsterinsights_sitenote_category":0,"footnotes":""},"class_list":["post-977","page","type-page","status-publish","has-post-thumbnail","hentry"],"_links":{"self":[{"href":"https:\/\/gpohuerta.com\/index.php\/wp-json\/wp\/v2\/pages\/977","targetHints":{"allow":["GET"]}}],"collection":[{"href":"https:\/\/gpohuerta.com\/index.php\/wp-json\/wp\/v2\/pages"}],"about":[{"href":"https:\/\/gpohuerta.com\/index.php\/wp-json\/wp\/v2\/types\/page"}],"author":[{"embeddable":true,"href":"https:\/\/gpohuerta.com\/index.php\/wp-json\/wp\/v2\/users\/2"}],"replies":[{"embeddable":true,"href":"https:\/\/gpohuerta.com\/index.php\/wp-json\/wp\/v2\/comments?post=977"}],"version-history":[{"count":7,"href":"https:\/\/gpohuerta.com\/index.php\/wp-json\/wp\/v2\/pages\/977\/revisions"}],"predecessor-version":[{"id":1066,"href":"https:\/\/gpohuerta.com\/index.php\/wp-json\/wp\/v2\/pages\/977\/revisions\/1066"}],"wp:featuredmedia":[{"embeddable":true,"href":"https:\/\/gpohuerta.com\/index.php\/wp-json\/wp\/v2\/media\/917"}],"wp:attachment":[{"href":"https:\/\/gpohuerta.com\/index.php\/wp-json\/wp\/v2\/media?parent=977"}],"curies":[{"name":"wp","href":"https:\/\/api.w.org\/{rel}","templated":true}]}}